What is the greatest common divisor of d and y?
2
Suppose -15 = -10*r + 15. Calculate the highest common divisor of 18 and r.
3
Suppose 2*d - 6*d + 4*n = -44, -5*n - 27 = -d. What is the highest common divisor of 49 and d?
7
Let u(j) = -4*j - 1. Let r be u(-1). Suppose -r*p + 3 = 4*h, -5*h + 2*p = 3*p - 12. What is the highest common divisor of h and 21?
3
Let o(p) = -14*p**3 - p. Let v be o(2). Let l be -1 - (-1)/((-1)/v). Suppose 0 = -5*j + l - 13. Calculate the greatest common divisor of j and 30.
10
Suppose -5*w - 14 = -3*m, -4*m - 6*w + w + 77 = 0. Let f = -321 + 464. What is the greatest common factor of f and m?
13
Let f be (-1)/(-4) - 23/(-4). Let h be (-8)/f*(1 + -82). Let w = 3 + 9. What is the greatest common factor of w and h?
12
Suppose -15 = -4*t - g - 0, -2*t - g = -7. What is the greatest common divisor of t and 4?
4
Let l be (-4)/4*-1*27. What is the greatest common divisor of 3 and l?
3
Let x = 23 - 20. Calculate the highest common factor of x and 24.
3
Suppose 4*w + 52 = -2*u - 4, 4 = -u. Let x be 6/(-2*9/w). Suppose 60 = x*r + r. Calculate the highest common divisor of 30 and r.
6
Let y = -140 + 338. Suppose -5*r - 2*b = -106, 22*b - 18*b = -r + 14. Calculate the highest common divisor of y and r.
22
Suppose 0*c + 516 = 5*c - 4*y, -4*y = 16. What is the greatest common divisor of 40 and c?
20
Suppose 2*d = 5*y + 723, 0*d + 4*d = y + 1491. What is the greatest common factor of 34 and d?
34
Let d be 77 + (-1)/3*-3. Let f = -46 + d. Calculate the greatest common factor of 4 and f.
4
Suppose -2*y + 84 = y. Let t(s) = s**3 - 2*s + 5*s - 4 - 2*s**3 - 5*s**2. Let j be t(-6). Calculate the greatest common divisor of y and j.
14
Suppose q = -3*q - 3*g + 50, 3*g + 6 = 0. Suppose -x + 5*f - 8 = 10, 3*x - 3*f = 6. Let o = q - x. Calculate the greatest common factor of o and 42.
7
Let v(x) = -2*x + 2. Let a be v(-5). Calculate the greatest common factor of 8 and a.
4
Let d = -42 + 92. Suppose 0*u = 4*u + 16. Let k = 6 - u. Calculate the greatest common factor of k and d.
10
Let m be (78/8)/((-1)/4). Let g be -2 - -2 - m - -1. Suppose 0 = 3*a - 2*h - 34, -5*h + 0*h - 49 = -3*a. What is the highest common divisor of g and a?
8
Let v(a) = 40*a**3 - a**2 + a. Let z be v(1). Let m = -8 + 18. Calculate the greatest common factor of z and m.
10
Suppose -4*i + 12 = -0. Let h be i/(-6) + (-165)/(-10). Let a(l) = 2*l**2 - 2*l - 4. Let d be a(3). Calculate the highest common divisor of d and h.
8
Let f be (-326)/(-14) - 14/49. Suppose -f - 2 = 5*x. Let y(g) = -10*g + 6. Let t be y(x). Calculate the highest common divisor of t and 7.
7
Suppose 5*s = -d + 1, 0*d - 4 = -2*s - 4*d. Let p be s*(-3)/(-6) - -5. What is the highest common divisor of 25 and p?
5
Let j = -4 - -23. What is the highest common divisor of j and 247?
19
Let v(b) = -b**2 + 11*b. Let i be v(9). What is the greatest common factor of i and 9?
9
Let c be 2/(-5)*(-15)/6. Let j be 138 + -2 - 1/c. Calculate the greatest common factor of 15 and j.
15
Let r be (-476)/(-49) - 2/(-7). Let t = 5 - r. Let v = 8 + t. Calculate the highest common factor of v and 27.
3
Suppose 0 = 3*d - 4*d + 2*x + 5, 0 = -3*x + 15. Let p(q) = 2*q. Let j be p(5). What is the highest common factor of j and d?
5
Let p be 1 + (-15)/21 + (-61)/(-7). What is the greatest common factor of p and 3?
3
Let a(p) = -7*p - 4. Let x be a(-2). Let c = 22 - x. What is the greatest common factor of c and 84?
12
Let j = 21 - -11. What is the highest common divisor of j and 80?
16
Let i = -11 - -23. What is the highest common divisor of i and 3?
3
Suppose u - 38 = 61. Calculate the greatest common divisor of u and 11.
11
Let f(c) = -c**3 + 3*c**2 + 1. Let w be f(3). Suppose 8*n - 3*n = 5. What is the highest common divisor of n and w?
1
Suppose 5*s - 198 = 107. Suppose 5*l - s = -16. Let q(u) = 5*u - 3. Let x be q(6). Calculate the highest common divisor of x and l.
9
Let l be (-1)/(-3) - (-267)/9. Suppose -t + 3*t = l. Suppose 0*u = 3*u - t. What is the highest common factor of 10 and u?
5
Suppose -k + 5*k - 20 = 0. Suppose -66 - 34 = -k*b. Calculate the greatest common factor of 5 and b.
5
Let b(a) = 3*a**2 + 3*a + 3. Suppose -r - 2 = 2. Let z = r - -2. Let m be b(z). Calculate the highest common divisor of m and 36.
9
Suppose 3*i + 68 = 7*i. Suppose 5*p + 4*a - 579 = 0, -p = -2*p + 2*a + 127. Calculate the highest common divisor of p and i.
17
Let b be (57 - (-3 + 5)) + 0. Suppose -223 = -4*g + q, 0*q - b = -g + q. What is the highest common divisor of g and 14?
14
Let q(z) = 13*z**2 + 4*z - 6. Let k be q(4). Suppose -2*v + 90 = -3*v. Let t = v + k. What is the greatest common factor of 16 and t?
16
Suppose 2*t = -8, -3*t - 20 - 8 = -4*g. Calculate the highest common factor of 4 and g.
4
Suppose 3*i - 5*i + 22 = 0. Calculate the highest common factor of 22 and i.
11
Let o(a) = -3*a + 5. Let w be o(-3). What is the highest common factor of 154 and w?
14
Let z = -2 - -36. Calculate the greatest common factor of 34 and z.
34
Let m(l) = -8*l + 1. Let k be m(-1). Calculate the greatest common factor of 1 and k.
1
Suppose 3*k - 10 = -2*k. Let q(a) = 3*a**2 - a**3 + 2*a - 5*a**3 + 5*a**3 + 2. Let o be q(3). What is the greatest common divisor of k and o?
2
Suppose 5*v + 16 = 181. What is the greatest common divisor of v and 22?
11
Suppose 0 = 3*u - u - 56. Calculate the greatest common divisor of u and 140.
28
Suppose 2*f - 2*l - 52 = 0, 2*l + 2 = -2. Let g = -2 + 46. Suppose f = d - q, 2*d - q - g = -0*d. What is the greatest common divisor of d and 8?
4
Let m(w) = -49*w**3 + 2*w**2 + 3*w + 2. Let l be m(-1). Let n be 0/(-2 + 4) + -4. Let g be 50/n*8/(-5). What is the highest common factor of l and g?
10
Suppose 85 + 53 = t. What is the greatest common factor of t and 6?
6
Suppose -4*m + 550 + 23 = -c, 0 = 2*m - c - 285. What is the greatest common factor of m and 9?
9
Suppose 5*i - 6 = -4*u, -2*i - i + 10 = -4*u. Suppose 2*c - 14 = -i. Let y = 203 - 137. Calculate the highest common divisor of y and c.
6
Let x(k) = -k**2 - 6*k + 2. Let h be x(-6). Suppose h*t + r = -r + 94, -4*t + 5*r = -170. What is the greatest common divisor of t and 18?
9
Let b = 4 - 3. Let w(q) = -q**2 - b - 1 + 3 + 8*q. Let c be w(7). What is the highest common factor of c and 32?
8
Suppose -5*k = -3*k - 40. Calculate the highest common factor of k and 140.
20
Let z(u) = -5*u + 7. Let d be z(-7). Let r be 2/12 - (-413)/d. What is the greatest common factor of r and 5?
5
Let j(x) = -x**3 + 11*x**2 + x - 11. Let r be j(11). Suppose -42 = -r*s - 3*s. What is the greatest common factor of 14 and s?
14
Suppose 4*u = 2*u + 482. Let a = u + -143. Let t be 0/((-4)/(-2)) + 14. What is the highest common divisor of a and t?
14
Let b = 33 - 21. What is the highest common divisor of b and 12?
12
Suppose -5*a = 37 - 2. Let k = a - -14. What is the greatest common factor of k and 1?
1
Suppose -8*z + 315 = -z. Calculate the highest common divisor of 45 and z.
45
Let b = 70 + -48. Calculate the greatest common divisor of b and 55.
11
Let d(w) = 6*w**2 - 17*w - 16. Let f be d(10). Calculate the greatest common divisor of 46 and f.
46
Let n = -12 + 18. Suppose 6*p = p + 25, 0 = -4*f - 4*p + 20. Suppose -5*o + 15 = f, -q - o + 11 = -16. Calculate the greatest common divisor of n and q.
6
Suppose 0 = 2*m - 3*s - 2*s + 7, -5*s = -15. Suppose -4*b + 239 = 5*h - 0*h, m*h = -20. What is the greatest common factor of b and 44?
22
Let a = 86 - 43. Let n = -27 + a. Let v = -109 + 221. Calculate the highest common divisor of n and v.
16
Let i be -3 - -3 - (-84)/(5 - 1). Suppose j + 253 = 5*z, 7*j - 6*j + z + 265 = 0. Let a = j + 452. What is the highest common divisor of i and a?
21
Suppose -4*w = -1000 + 20. Suppose -2*x - 3*p + 105 = 0, 4*p = -4*x + 5*p + w. Calculate the greatest common factor of x and 12.
12
Let j = 171 + -66. What is the greatest common divisor of 42 and j?
21
Let i(n) = n**3 - 9*n**2 - 6*n - 4. Let r be i(10). What is the highest common factor of 6 and r?
6
Let p(h) = -9*h + 9. Let v = 15 + -23. Let m be p(v). Calculate the highest common divisor of m and 9.
9
Let u = 1 - 1. Let r be (u + 6/9)*18. Suppose -4*w = -231 + 87. What is the greatest common factor of w and r?
12
Let g(q) = q**3 + 12*q**2 - 15*q - 6. Let o be g(-13). What is the greatest common facto